divide j?
False
Let p(s) = -s - 16. Let v be p(-14). Let o be 1 + (-3)/(6/(-10)). Let z = v + o. Is z a multiple of 3?
False
Let y = -19 - -23. Is y a multiple of 4?
True
Suppose -3*j = -5*g - 361, 204 = 2*j + 2*g - 10. Is 14 a factor of j?
True
Is 18 a factor of 98 - -3*2/(-3)?
False
Let d(z) = -z**2 - 11*z + 6. Suppose -5*h = 2*v + v + 27, -3*v = -2*h + 27. Is d(v) a multiple of 12?
True
Suppose -4*o = -148 + 32. Let t(a) = -a**2 - 2*a + 5. Let j be t(-6). Let u = o + j. Is 10 a factor of u?
True
Suppose -4*x - m + 261 = 0, -6*x + 323 = -x - 2*m. Suppose 2*n = -3*r + x, 2*r - 24 = -n + 20. Is r a multiple of 21?
False
Suppose 2*p - 6 = 42. Does 8 divide p?
True
Does 4 divide 35 - (-1)/(-2)*-6?
False
Suppose 5*d = -v - 16, -6*v + v + 2*d + 1 = 0. Let h = v - -14. Is h a multiple of 13?
True
Let o(h) = 6*h**3 - h**2 - h - 2. Suppose 4*m + 2 = 10. Is o(m) a multiple of 20?
True
Let t(l) = -5*l - 1. Let o be t(-2). Let y(n) = -n**3 + 8*n**2 + 10*n - 7. Let z be y(o). Suppose -z*r = -0*a - 2*a + 10, -3 = -a + 2*r. Is 3 a factor of a?
False
Let a(w) be the second derivative of w**8/6720 - w**7/360 + w**6/90 + w**5/20 - w**4/4 - 3*w. Let j(h) be the third derivative of a(h). Is 9 a factor of j(6)?
True
Let c = -15 + 51. Does 15 divide c?
False
Let w be 5 - (0 + 0)/(-1). Suppose 6*k + 5*m - 45 = k, 0 = k - 3*m - w. Let c(r) = r + 7. Is c(k) a multiple of 8?
False
Is 7 a factor of (-312)/(-14) - 6/21?
False
Suppose a = -c + 60 + 9, c - 2*a - 72 = 0. Is 31 a factor of c?
False
Let w = -109 - -46. Let f = -43 - w. Is f a multiple of 9?
False
Let d = -6 - -10. Let j be ((-6)/d)/((-4)/8). Is (-1)/(j/(-78)) + 1 a multiple of 11?
False
Let v = 7 + -6. Let b(w) = 13*w**3 + 2*w**2 - 2*w + 1. Let q be b(v). Let c = q - -4. Is 10 a factor of c?
False
Let z(k) = k**3 - 6*k**2 - 11*k - 4. Let l be z(9). Suppose -4*m + l + 36 = 0. Is 22 a factor of m?
True
Suppose 0 = -4*l + 177 + 79. Is 32 a factor of l?
True
Suppose -18 = -3*z - 0. Suppose -z*h + h + 5 = 0. Is (-4 - h)/(6/(-18)) a multiple of 4?
False
Suppose 0*h + 12 = 3*h. Let d(f) = f**2 + 2*f - 1. Let u be d(-3). Suppose 0 = h*o - u*o + 4*n - 48, o - n = 39. Is 17 a factor of o?
True
Let q be 2*(-3)/2 - -12. Suppose q*k - 64 = 5*k. Is k a multiple of 4?
True
Suppose 0 = -4*p + p + 96. Is 13 a factor of p?
False
Let k(y) = -y**3 - 14*y**2 - 8*y + 8. Does 40 divide k(-14)?
True
Suppose -5*m = -2*f - 60, 0*f = 4*m - 5*f - 31. Let a(w) = 2*w - 9. Is a(m) a multiple of 9?
False
Let y(h) = 8*h**2 - 6*h. Let l(z) = z**2 - 6*z + 5. Let r be l(6). Let g be y(r). Suppose g = 4*m + m. Is m a multiple of 13?
False
Does 14 divide (-168)/18*(-2 + (-19)/1)?
True
Let w(d) = -4*d**2 - 2*d + 1. Let o be w(-2). Let t = -3 - o. Does 6 divide t?
False
Let f(a) = a + 2. Let z be f(-5). Let c(s) = 2*s**2 + 3. Is 11 a factor of c(z)?
False
Suppose 5*j - 4 - 6 = -5*v, -2*j = v - 8. Is j even?
True
Let q be (-1 - 1)*(6 + -115). Suppose 4*p - q = 170. Does 25 divide p?
False
Let t = -30 + 52. Let d(c) = -c**2 - 6*c - 5. Let o be d(-7). Let w = o + t. Does 9 divide w?
False
Suppose -2*x = 5*f - 390, 2*f - 156 = -0*f - 3*x. Is 26 a factor of f?
True
Suppose 2*s = -13 + 35. Suppose 5*p - 36 = -s. Suppose 2*y - 34 = p*n, -17 = -2*y - 4*n - 1. Is 6 a factor of y?
True
Let c(m) = m**3 + 6*m - m**3 - m**3 - m**2 + 6. Let j be c(-5). Suppose -j = -5*h + p, -5*h - p - 2*p = -92. Is h a multiple of 8?
True
Suppose 0 = -4*i + 4*v - 12, -2*i - i = 5*v - 7. Let s = -6 - 12. Does 8 divide i - (s - (-4)/(-2))?
False
Let a(j) = 4*j - 2. Is 10 a factor of a(8)?
True
Let g = 49 - 3. Does 12 divide g?
False
Let f(w) = -w**2 - 6*w + 3. Let n be 0*3/(-6) + -7. Let t be f(n). Is (-6)/t*(-32)/(-3) a multiple of 8?
True
Suppose 6 = -0*q + 3*q. Suppose 4*p + 1 + 17 = f, -5*f + q*p = -72. Does 8 divide f?
False
Suppose -4 = -s - 0*s. Suppose -30 = -5*t - 5*f, 4*t - 5*f = -s*f + 9. Suppose t*x - 51 = 3. Does 9 divide x?
True
Suppose 2*y + 6 = -5*p, -12 = 2*p + p. Does 2 divide y?
False
Let k(h) be the second derivative of -h**3/6 + 9*h**2/2 + 2*h. Suppose 5*o - 16 = y, -4*o - 4*y + 28 = -y. Is k(o) a multiple of 5?
True
Let p be 202/(-18) - 2/(-9). Let m(v) = v**3 + 10*v**2 - 12*v + 11. Is m(p) a multiple of 11?
True
Does 12 divide 1 + (-11)/(-4 + 3)?
True
Let h be ((-14)/2 - -4)*-1. Suppose j + 2*j - 15 = -c, 2*c + h*j = 27. Does 12 divide c?
True
Suppose 5*q - 4 = 2*l, -5*q = -0*q + 4*l - 22. Suppose 0 = -0*d + q*d + 240. Is 13 a factor of (14/8)/((-6)/d)?
False
Let u(p) = -4 - 6*p + 5 + 4*p**2 - 3*p**2. Let h be u(6). Let s(y) = 48*y**2 - y. Is 16 a factor of s(h)?
False
Suppose -3*g = -3*m - 11 - 7, 0 = -2*m + 6. Is g a multiple of 9?
True
Let n = -61 - -91. Does 10 divide n?
True
Let j be -1 + (1 - (-6)/2). Suppose 2*y = 5*q - 133, -5*y - 27 = -7. Suppose -b + 52 = 4*s + 3*b, -s = -j*b - q. Is s a multiple of 8?
True
Let b = 29 + 37. Does 11 divide b?
True
Let x(f) = f**2 - 5*f + 3. Let g be x(5). Does 18 divide (-1)/g*1*-87?
False
Let r be (-3 - -6) + 0 + -1. Suppose -108 = -4*j + 2*p, -r*j = -5*j - 4*p + 92. Is 14 a factor of j?
True
Let m be (-3)/(((-9)/(-4))/(-3)). Suppose 4*n + m - 32 = 0. Does 7 divide n?
True
Let c(b) = -7*b**2 + 3*b + 5*b**3 - 9 - b - 4*b**3. Let h be c(7). Suppose -h*y - 3*j + 85 = 0, 3*y - 51 = -j + 2*j. Does 13 divide y?
False
Let b = 213 + -122. Is 13 a factor of b?
True
Let b(q) = -18*q - 1. Let m be b(2). Let h = m - -84. Is 27 a factor of h?
False
Let d = 3 - 1. Let x(u) = 4*u**d - 6*u - 2*u**2 - 11 + 7*u**2 - u**3. Is x(8) a multiple of 3?
False
Suppose -162 = -6*v - 0*v. Does 9 divide v?
True
Is 2 a factor of 69/6 + (-2)/4?
False
Suppose k + 3*p = -3*k - 150, -5*p + 205 = -5*k. Is 6 a factor of 6/k - 158/(-13)?
True
Let k be 8/3 + 12/(-18). Suppose 4*x = 2*q + 2, -2*x + 8 = 2*q - k. Is -1*q*(-96)/9 a multiple of 12?
False
Let b = -58 + 100. Is b a multiple of 14?
True
Let s = 67 - 27. Does 24 divide s?
False
Let s(l) = 18*l**2 + 2*l - 1. Suppose -2*w + 4 = 2. Is 19 a factor of s(w)?
True
Let y = 14 - 9. Suppose -124 = -4*b + 2*q, -y*b + 79 = -2*b - 5*q. Suppose -v = 2*v - 3*j - 21, -4*v - j = -b. Is v a multiple of 8?
True
Let r(a) = -2*a - 3. Let g be r(-4). Let q(v) = v**2 + 3*v + 6. Let p be q(-6). Suppose -3*k = -g*k + p. Is k a multiple of 12?
True
Is -1 + -1 + (8 - -72) + 7 a multiple of 10?
False
Suppose -y = -5*y + 1000. Suppose 4*t = -t + y. Is t a multiple of 19?
False
Suppose -1 - 3 = 4*u. Is 4 a factor of u + -1 + 15 + -5?
True
Let d(l) = -l**2 - 9*l - 8. Let y = -29 - -21. Let n be d(y). Let x = 13 - n. Does 6 divide x?
False
Suppose 0 = 4*t - 5*w - 109 - 32, -4*t = -3*w - 131. Let i = 56 - t. Is i a multiple of 9?
True
Let i = 21 - -9. Is i a multiple of 9?
False
Let h be (11 - (-1 + 2)) + -4. Suppose 4*q - 5*y = -3 + 30, y = 1. Does 4 divide q/(-12)*h*-1?
True
Let f(v) = 7*v**3 - v**2 + v - 1. Let k be 4/(-6) + (-10)/(-15). Suppose 4 = 4*n - k. Does 3 divide f(n)?
True
Let z be (-8 - -9)/((-1)/(-34)). Let v = z + -10. Is 9 a factor of v?
False
Suppose -q + 20 = 4*q. Let a = 0 + q. Suppose -3*l + 34 = 2*d, a*d - 13 - 55 = l. Does 17 divide d?
True
Let m = -7 + 14. Suppose 2*x - 35 = 3. Let b = m + x. Is b a multiple of 13?
True
Suppose -3*v - 19 = -49. Let m = v + 16. Is m a multiple of 13?
True
Let o(g) = -14*g + 21. Let r(v) = -7*v + 11. Let a(p) = -3*o(p) + 5*r(p). Is a(4) a multiple of 20?
True
Suppose 0 = 5*n - 522 - 78. Is n a multiple of 24?
True
Let d = -10 - -13. Is 2 a factor of d?
False
Let h(j) = -j**2 - 5*j + 1. Suppose -2*i = -0*i - 6. Suppose 0 = i*f - 2*p + 4, 3*f = -3*p - p - 28. Is h(f) even?
False
Suppose 0*z - 4 = -4*z. Is 12 a factor of ((-144)/20)/(z/(-10))?
True
Suppose -5*l = 4*r - 137, 36 = r + r - 4*l. Suppose 3*v + 11 = -2*q, 2*v + r = 5*q + 8. Suppose q*j + 52 = 4*j. Does 13 divide j?
True
Suppose 2*y - 6 = 4*y. Let c be -6*(-1)/((-9)/y). Suppose 4*l + c*b = 98, 5*b = b + 20. Does 14 divide l?
False
Suppose -10 = -c + 2*v, 4*c + 5 - 31 = v. Suppose c*k = 4*k + 34. Is 17 a factor of k?
True
Suppose c + z = 39, -c + 38 = 6*z - 4*z. Is c a multiple of 10?
True
Let s be 1/2*-2 - -7. Let w be -3 + s*(-14)/(-3). Let i = 37 - w. Is 5 a factor of i?
False
Let m = -25 - -65. Is m a multiple of 10?
True
Let i(a) = 0*a**2 - 10*a**2 - 5*a**3 - 3 + 2*a**3 - 6*a + 4*a**3. Is i(11) a multip